lculate the greatest common divisor of q and 144.
18
Let h(m) = -3*m**3 - 2*m - 1. Let z be h(-1). Suppose -63 = -z*x + 5. Let l = 59 - 25. Calculate the greatest common factor of x and l.
17
Let i(j) = -j**3 + 8*j**2 - 10*j + 6. Let x be i(6). Calculate the greatest common factor of x and 342.
18
Let c(q) = q + 5. Let n be c(5). What is the greatest common divisor of n and 4?
2
Let z = 193 + -102. What is the greatest common divisor of z and 39?
13
Suppose 23 = 5*p - 2. Suppose 0 = -3*z - 5*r + 39, p*z - 58 = -r - 15. Let f = -10 + 22. What is the greatest common factor of z and f?
4
Let r be 3/((-3)/(-6)*1). Suppose -r*p = -4*p. Let v = p - -9. What is the highest common divisor of 63 and v?
9
Suppose -3*t + o + 107 = 0, o - 15 = 4*o. Let p(q) = -9*q - 39. Let d be p(-10). What is the greatest common factor of t and d?
17
Suppose 3*v + 4 = c, 8*c + 34 = 4*c + 2*v. Let i = c - -12. Let l = -6 + 13. Calculate the greatest common factor of i and l.
1
Let o be (216/10)/(9/45). What is the greatest common divisor of 36 and o?
36
Let w be (16/(-6))/((-15)/270). What is the greatest common divisor of 336 and w?
48
Let n = 12 - 26. Let g = -5 - n. Suppose -3*s + 2*f + 52 = 0, -4*s = -2*s + 5*f - 41. What is the highest common divisor of g and s?
9
Let b be 6/12 + (-26)/(-4). Suppose -3*g + 280 = g. What is the highest common factor of g and b?
7
Suppose -4*d + 16 + 4 = 0. Calculate the highest common factor of 40 and d.
5
Let j be (-4)/(-4)*(-56)/(-2). Suppose 5*v + 5*q = 70, 0 = 2*v + 4*q - q - j. Calculate the greatest common factor of v and 42.
14
Suppose 126 = 2*u + 112. What is the greatest common factor of u and 133?
7
Let y(p) be the third derivative of p**6/120 - p**5/6 + 5*p**4/12 - 7*p**3/6 - 2*p**2. Let s be y(9). Calculate the greatest common factor of s and 2.
2
Let s(q) = q**2 + 12*q + 3. Let i be 64/(-11) + 6/(-33). Let h be s(i). Let v = 198 + h. Calculate the greatest common factor of 15 and v.
15
Let k(d) = 2*d + 2. Let l(q) = q**3 - 8*q**2 + 8*q + 3. Let s be l(7). Let m be k(s). What is the highest common factor of m and 198?
22
Let t be (-16)/6 - (-4)/6. Let r be t + 1 - (-204 + 1). Let q = r + -102. Calculate the highest common factor of q and 10.
10
Let d = 10 + -5. Suppose -168 = -3*z + 3*o, 4*z - o = 2*o + 227. Suppose -4*p - 2*f = -30, z = 3*p + 5*f + 19. What is the highest common divisor of p and d?
5
Suppose -3*n - 29 = -l - 8*n, 4*l + 5*n = 101. Suppose -l + 266 = b. Calculate the highest common factor of b and 22.
22
Let t = 104 - 95. Calculate the greatest common factor of 72 and t.
9
Let z(m) = 4*m**2 + 3*m. Let q be z(-2). Let p be 4/q + (-26)/(-10). Suppose -33 = -p*d + 12. Calculate the highest common divisor of 45 and d.
15
Let b be (-26)/(-6) - 2/(-3). Suppose -k + 5 = 3*j - j, -k + b = -2*j. Calculate the greatest common divisor of 25 and k.
5
Suppose -5*y = 9 - 44. Suppose y*o - 10 = 2*o. What is the highest common divisor of 2 and o?
2
Let d = 62 - 28. What is the greatest common divisor of d and 17?
17
Let c be 8/(-36) - 816/(-27). Calculate the greatest common factor of c and 45.
15
Let t = -51 - -19. Let w = t + 4. Let o = 42 + w. What is the greatest common factor of 154 and o?
14
Let q(c) = c**3 + 3*c**2 - 6*c - 6. Let s = -6 + 15. Suppose -7 = 4*o + s. Let n be q(o). What is the greatest common factor of 22 and n?
2
Suppose -4*c = -67 - 29. Let u(i) = -8*i. Let b be u(-3). Calculate the highest common divisor of c and b.
24
Let z = 12 + 6. What is the highest common factor of z and 18?
18
Suppose 5*h - 3*o - 64 = 0, -4*o - 15 = o. Suppose 14 = -4*g + g + 4*s, -5*s = -5*g - 25. Let d = h + g. What is the greatest common factor of d and 25?
5
Let n(c) = 2*c + 9. Let m be n(-6). Let o be -3 + m*(-4)/6. Let z be 75*(4/(-10))/o. Calculate the highest common divisor of z and 10.
10
Let d = 0 - -3. Let n = -2 + d. Calculate the greatest common divisor of n and 4.
1
Let l be -3*(56/6)/(-1). Suppose -3*w + u + 1 = -18, 0 = -w - 2*u - 3. Suppose 0*j + w*j = 35. What is the greatest common divisor of j and l?
7
Let d = 36 + -11. Let i be -1 + 5 + -1 + -1. Let k = i + d. Calculate the greatest common divisor of k and 9.
9
Suppose 1 = g - 4*s, -3*g + 2*s + 2*s + 27 = 0. Calculate the highest common factor of g and 13.
13
Let b be 200/15*(-6)/(-4). What is the highest common divisor of 20 and b?
20
Suppose 2*o + 4 = -4. Let m be (-3)/12 - 97/o. Calculate the greatest common divisor of m and 60.
12
Let r(w) = -3*w - 11. Let c be r(-8). What is the greatest common factor of 104 and c?
13
Let f(d) = -4*d - 35. Let o be f(-17). What is the greatest common divisor of o and 3?
3
Let x be (-3864)/14*(-4)/6. What is the highest common factor of 23 and x?
23
Let c be (-1)/(-3 - (-2 - 0)). Let v be (88/6)/(c/3). Calculate the greatest common factor of v and 66.
22
Let p(t) = -t**2 + t - 3. Let h be p(3). Suppose 3*s + 80 = 8*s. Let b = s + h. Calculate the highest common divisor of 56 and b.
7
Let q(u) = -6*u + 6. Let d be q(-7). Let i(p) = -2*p**2 - 7*p + 72. Let w be i(0). What is the greatest common divisor of d and w?
24
Let w = -1 + 4. Suppose 16 = w*o - 2*o. Let x = o - 3. What is the greatest common factor of x and 65?
13
Let a(b) = 3*b**2 - 6*b - 6. Suppose -3*w = -l, -4*l + 4*w + 11 + 5 = 0. Let s be a(l). Calculate the greatest common divisor of 6 and s.
6
Let i be ((-3)/(-2) + -3)*-12*1. Let g(b) = -7*b**3 - 2*b**2 - 2*b - 1. Let s be g(-1). What is the greatest common factor of i and s?
6
Let j = 25 + -16. Suppose -2 = -0*p - 2*p. Calculate the highest common divisor of p and j.
1
Let b be 1*4/6*-3. Let h = 7 - b. Let m = 287 - 286. Calculate the highest common factor of m and h.
1
Suppose 2*m = 99 + 9. What is the highest common factor of 18 and m?
18
Let f = -95 + 99. What is the highest common divisor of 44 and f?
4
Let r(t) = -2*t**3 - 9*t**2 - 10*t + 1. Let w be r(-5). Calculate the highest common factor of 4 and w.
4
Let n(o) = 2*o**2 - 3*o - 21. Let y be n(6). Calculate the highest common divisor of y and 33.
33
Suppose -t + 3 = 5*y - 0*t, 3 = 4*y + t. Suppose -3*b + 3*o + 141 = 0, 5*b + o - 272 + 31 = y. Calculate the greatest common factor of 12 and b.
12
Let v(a) = a**2 + a - 2. Let r be v(-14). Calculate the highest common factor of 20 and r.
20
Let m = 52 + -23. Calculate the greatest common factor of 203 and m.
29
Let v(q) = -6*q**3 - 11*q**2 + q - 5. Let d(p) = p**3 + p**2 + p + 1. Let o(s) = 5*d(s) + v(s). Let c be o(-7). What is the greatest common divisor of c and 35?
7
Let x(l) = 3*l + 2. Let v(y) = 2*y + 1. Let u(m) = -4*v(m) + 3*x(m). Let s be u(0). Suppose -5 = -4*j - 1. Calculate the greatest common divisor of s and j.
1
Suppose -8*y = -234 - 646. Calculate the highest common divisor of 165 and y.
55
Suppose 3*j - 2*x - 16 = j, -4*j - 2*x + 38 = 0. Calculate the greatest common divisor of j and 3.
3
Let k(l) = 2*l**2 + l + 1. Let o be k(2). Calculate the greatest common divisor of 66 and o.
11
Let k(s) = 5*s**2 - 3*s**2 + 0 - 5*s - s**2 + 3. Let p be k(5). What is the greatest common factor of 9 and p?
3
Let b(q) = -q + 7. Let a be b(-5). Suppose -3*u = -0 - 9. What is the highest common factor of a and u?
3
Let z = -340 + 487. What is the greatest common divisor of 21 and z?
21
Suppose 0 = -4*h + 16, 9*r + 3*h - 7 = 10*r. Let n be (2/4)/(1/10). What is the highest common factor of r and n?
5
Let i = -7 + 1. Let u be 27/(-2)*32/i. Calculate the highest common divisor of 9 and u.
9
Suppose 5*m = -4*b + 22, -48 = -5*b + 5*m - m. Let i = b - -4. Calculate the highest common factor of 96 and i.
12
Let q be (-1)/4 + (-109)/(-4). Let v = 86 + -60. Suppose -4*x + 66 = 3*c, 6 = -x + c + v. What is the greatest common divisor of q and x?
9
Let d = -1 + 3. Suppose -25 = -m - 4*m, 5*m - 45 = -d*b. Suppose j - 10 = r, 3*j + 5*r - 56 = -b. What is the greatest common factor of 3 and j?
3
Suppose 31 + 9 = 4*b. What is the greatest common factor of b and 30?
10
Let a be (1 + -2 - 0) + 8. Suppose -4*t = -2*j - 140, t + 3*j = -0*j + 35. What is the highest common factor of t and a?
7
Let z = 31 + 29. Let o(s) = s**2 - s - 5. Let r = 8 - 12. Let f be o(r). Calculate the highest common factor of f and z.
15
Let r be (24/(-30))/((-4)/(-190)). Let y = -3 - r. What is the greatest common factor of 5 and y?
5
L